ime?
True
Is 180603690277 a prime number?
False
Is 32766611479 a prime number?
False
Is 17305325551 a prime number?
False
Is 10467523013 a composite number?
True
Is 72261481731 a composite number?
True
Is 4916893013 a composite number?
False
Is 13750752047 a prime number?
True
Is 5711937818 composite?
True
Is 9056887907 a prime number?
True
Is 460616657 a composite number?
True
Is 27180763 composite?
False
Is 24136436347 prime?
True
Is 9341156501 a prime number?
False
Is 2360942585 a composite number?
True
Is 25793914501 a prime number?
True
Is 2764190615 a composite number?
True
Is 2769042403 composite?
True
Is 97722715589 a prime number?
True
Is 1282574203 composite?
True
Is 3519177527 a composite number?
False
Is 4170874115 prime?
False
Is 99859787 a composite number?
True
Is 132098647 prime?
False
Is 2101616437 prime?
True
Is 3895091653 a composite number?
True
Is 5123033781 a prime number?
False
Is 31509131 a prime number?
False
Is 116825117099 composite?
False
Is 20353561 a composite number?
True
Is 7626047938 composite?
True
Is 4181413043 a prime number?
True
Is 1220555929 prime?
True
Is 33377767 a prime number?
True
Is 174310960513 a prime number?
True
Is 413545543 a composite number?
True
Is 32667168011 a composite number?
True
Is 3869627717 composite?
False
Is 1120508083 a composite number?
False
Is 600552767 a prime number?
False
Is 434768309 prime?
True
Is 6725458693 a composite number?
False
Is 446959847 a composite number?
False
Is 100673942867 a prime number?
False
Is 948368963 prime?
True
Is 19762310801 composite?
False
Is 72314305923 composite?
True
Is 1038199397 a composite number?
True
Is 9937094242 composite?
True
Is 3182223553 a composite number?
True
Is 418673573 composite?
False
Is 276858359 prime?
False
Is 838793471 composite?
True
Is 6759798011 a prime number?
True
Is 4792394437 a composite number?
False
Is 13823731 a prime number?
False
Is 2025964417 prime?
True
Is 51163297 prime?
True
Is 784295599 prime?
False
Is 28180244167 composite?
False
Is 16876319879 prime?
True
Is 1816901699 composite?
True
Is 27835641437 a prime number?
True
Is 178230763 composite?
True
Is 2053735667 prime?
True
Is 9431617649 composite?
False
Is 26317578947 composite?
True
Is 84912961157 a prime number?
True
Is 5387550621 prime?
False
Is 5571433279 a composite number?
False
Is 1454281313 a prime number?
False
Is 6543953197 a prime number?
True
Is 24373301762 a composite number?
True
Is 2293575023 prime?
False
Is 38851879523 a prime number?
False
Is 6758290447 a composite number?
False
Is 237697747597 prime?
False
Is 40066312519 composite?
False
Is 26553572371 a prime number?
False
Is 1269103863 a prime number?
False
Is 5410458731 a composite number?
True
Is 94766713829 composite?
True
Is 1411531001 composite?
True
Is 497839267 a composite number?
False
Is 1039683989 prime?
False
Is 863007083 prime?
True
Is 2411766471 a composite number?
True
Is 2585301337 prime?
True
Is 365480963 composite?
False
Is 14707752091 a composite number?
False
Is 5007265403 a composite number?
True
Is 2533938437 a prime number?
False
Is 8952399983 a prime number?
True
Is 69469170397 composite?
True
Is 509148617 a composite number?
False
Is 278146381 a composite number?
True
Is 1484230459 prime?
True
Is 115554241619 a composite number?
True
Is 13508466337 prime?
False
Is 2440777379 a prime number?
True
Is 211028483 a prime number?
False
Is 12621112135 composite?
True
Is 21918004729 a composite number?
False
Is 3123289063 prime?
True
Is 15449662583 prime?
True
Is 569206289 a composite number?
False
Is 916725673 composite?
False
Is 1481597701 composite?
False
Is 4011032189 composite?
False
Is 1325581199 a composite number?
False
Is 9892528817 a composite number?
True
Is 15169693057 prime?
False
Is 16640430439 prime?
True
Is 35562407659 a prime number?
True
Is 243944557 a composite number?
False
Is 16596018679 composite?
True
Is 290694727 composite?
True
Is 193359017 a prime number?
True
Is 53750921141 a composite number?
False
Is 3930854119 prime?
True
Is 59152091 a composite number?
False
Is 2017847977 a composite number?
False
Is 61734266281 a prime number?
False
Is 754373779 a prime number?
False
Is 10705393423 a prime number?
True
Is 3545000555 a prime number?
False
Is 814899497 a prime number?
True
Is 3991625387 composite?
False
Is 326205811 composite?
False
Is 63160793 composite?
True
Is 529321157 composite?
True
Is 1947693721 composite?
True
Is 3702083227 a prime number?
False
Is 502632131 a composite number?
True
Is 14850254509 prime?
False
Is 30526363181 composite?
True
Is 19944357803 prime?
True
Is 38959378517 a prime number?
True
Is 4924998131 prime?
True
Is 78708777623 a composite number?
True
Is 3100125359 composite?
False
Is 8858977631 a prime number?
False
Is 56249935899 a composite number?
True
Is 366606679 a prime number?
False
Is 69191290787 a composite number?
False
Is 15736149577 composite?
False
Is 29889806649 a prime number?
False
Is 6170879471 a prime number?
True
Is 4809188149 a composite number?
True
Is 9665156399 composite?
False
Is 5766877117 prime?
True
Is 27570559477 composite?
False
Is 25552976689 composite?
False
Is 26433489341 a composite number?
True
Is 31731488819 prime?
True
Is 5178565487 prime?
False
Is 15101326859 a prime number?
False
Is 171047780167 a prime number?
False
Is 468496891 a prime number?
False
Is 163516332979 a prime number?
True
Is 57232957699 prime?
False
Is 92511111271 prime?
True
Is 17842602691 a composite number?
True
Is 2638962811 a composite number?
True
Is 10104848179 a composite number?
False
Is 1237305059 composite?
False
Is 113109648977 composite?
True
Is 10623338503 a prime number?
True
Is 1291913317 a prime number?
False
Is 38420827 composite?
True
Is 29000551913 a composite number?
False
Is 12732657563 composite?
True
Is 14290313603 composite?
False
Is 769047623 a prime number?
True
Is 230979695 prime?
False
Is 38586373327 composite?
True
Is 3262354357 composite?
False
Is 9755871667 composite?
True
Is 1218080399 a prime number?
True
Is 221772460813 a prime number?
False
Is 3668566859 a composite number?
False
Is 4475915663 a prime number?
True
Is 113381129 prime?
False
Is 1068624769 composite?
True
Is 8360192327 a composite number?
False
Is 991911119 a composite number?
False
Is 26377962287 composite?
True
Is 1117204679 a prime number?
True
Is 224334683 a composite number?
False
Is 215318175959 prime?
True
Is 2044292981 prime?
True
Is 1917412393 a prime number?
False
Is 387256057 a prime number?
True
Is 7497151097 prime?
True
Is 92039231 a prime number?
True
Is 8393380609 prime?
False
Is 3229597097 a composite number?
False
Is 122385983933 composite?
False
Is 47190146294 a prime number?
False
Is 150227360081 a composite number?
True
Is 335244841 composite?
True
Is 4586296879 composite?
False
Is 660768169 a prime number?
False
Is 73407943669 a prime number?
False
Is 3860846507 prime?
False
Is 320419562507 a composite number?
True
Is 53400082543 composite?
True
Is 6264004447 a composite number?
False
Is 1348422321 a prime number?
False
Is 91243687103 a prime number?
False
Is 4164920759 a composite number?
False
Is 49840268633 a composite number?
True
Is 15329837969 a composite number?
True
Is 3998980651 a composite number?
True
Is 372982387 prime?
False
Is 4802936653 composite?
False
Is 58878061 a prime number?
False
Is 11755968919 composite?
False
Is 2269124873 a composite number?
False
Is 896325349 a composite number?
False
Is 9427320313 a prime number?
False
Is 110645863561 a composite number?
False
Is 889370683 a prime number?
False
Is 17516200619 composite?
False
Is 822362209 prime?
False
Is 225545396513 a prime number?
True
Is 50668674271 composite?
True
Is 1258775195 a prime number?
False
Is 3554636485 a prime number?
False
Is 108011767 a prime number?
True
Is 1238444153 a prime number?
True
Is 3056945251 composite?
False
Is 22941193403 a prime number?
True
Is 696485303 prime?
True
Is 10115670527 a composite number?
False
Is 1659946517 a composite number?
True
Is 162916849 a prime number?
False
Is 26613017773 a composite number?
False
Is 29679295573 a prime number?
False
Is 3106350881 a composite number?
False
Is 1539734557 prime?
False
Is 2543678381 a composite number?
True
Is 6359506847 a prim